73722319?
False
Is 30110382 a multiple of 1216?
False
Is 19856130 a multiple of 29?
False
Is 24 a factor of 47198952?
True
Is 139424493 a multiple of 507?
True
Is 539 a factor of 509676518?
False
Is 1161 a factor of 119058365?
False
Does 556 divide 36551996?
True
Is 15251838 a multiple of 1029?
True
Does 527 divide 46026889?
False
Is 33 a factor of 54762185?
False
Is 55 a factor of 261341685?
True
Is 594 a factor of 107679726?
True
Is 2200 a factor of 45084600?
True
Is 215763094 a multiple of 22?
False
Does 1778 divide 2696445613?
False
Is 191773026 a multiple of 1661?
False
Is 2660 a factor of 178701460?
True
Is 41105920 a multiple of 10?
True
Is 2252 a factor of 47535216?
True
Is 660290348 a multiple of 1718?
False
Does 5 divide 485848872?
False
Is 16 a factor of 51320512?
True
Does 584 divide 55658704?
True
Is 3260240137 a multiple of 2967?
False
Does 3618 divide 135711071?
False
Is 114609208 a multiple of 2692?
True
Is 3 a factor of 245821838?
False
Is 2249893632 a multiple of 5009?
False
Is 431 a factor of 9865092?
False
Does 6 divide 8897627?
False
Is 5485640 a multiple of 10?
True
Is 9914 a factor of 290700861?
False
Is 7989 a factor of 3339252514?
False
Does 25 divide 66586950?
True
Is 2509 a factor of 116103975?
True
Does 29 divide 748689945?
False
Is 19 a factor of 368066822?
True
Is 400672392 a multiple of 1398?
True
Does 30 divide 47303940?
True
Is 20 a factor of 75935240?
True
Is 125634080 a multiple of 170?
True
Is 6783202324 a multiple of 74?
False
Does 2263 divide 35608305?
True
Is 229513171 a multiple of 105?
False
Is 732383864 a multiple of 7279?
True
Is 16 a factor of 877113338?
False
Does 75 divide 388319611?
False
Does 3774 divide 539719740?
True
Is 185726672 a multiple of 76?
True
Does 2032 divide 69668518?
False
Is 1246 a factor of 81018658?
True
Does 177 divide 58904184?
True
Is 169 a factor of 2288429?
True
Does 192 divide 135350231?
False
Does 2 divide 3508627?
False
Is 178 a factor of 48368168?
False
Does 79 divide 20814229?
False
Is 701 a factor of 238147725?
False
Is 13 a factor of 411621821?
True
Does 40 divide 630072280?
True
Is 115 a factor of 778330350?
True
Is 4 a factor of 33817167?
False
Is 729 a factor of 350319492?
True
Does 1095 divide 7438335?
True
Does 3313 divide 1223223003?
False
Is 98663606 a multiple of 838?
True
Does 330 divide 53901210?
True
Is 53 a factor of 350032455?
False
Does 1306 divide 7422814?
False
Is 51 a factor of 649953723?
False
Is 7177950 a multiple of 351?
True
Is 2104534176 a multiple of 11832?
True
Is 6402 a factor of 4007562372?
True
Is 87067392 even?
True
Is 4189 a factor of 499161240?
True
Is 3273088 a multiple of 12?
False
Does 430 divide 172997600?
True
Does 15 divide 1094034779?
False
Does 29 divide 18172705?
True
Is 230330829 a multiple of 65?
False
Is 47 a factor of 47062414?
False
Is 55 a factor of 7142423?
False
Does 307 divide 37628990?
True
Does 68 divide 2375624948?
True
Does 4 divide 2038724?
True
Does 6936 divide 2056831601?
False
Is 112832074 a multiple of 175?
False
Is 27 a factor of 2053919499?
False
Is 394 a factor of 171450676?
True
Is 179034976 a multiple of 2?
True
Is 3 a factor of 10489838?
False
Does 614 divide 25388286?
True
Is 1024917728 a multiple of 1872?
False
Does 1323 divide 1064458017?
True
Does 251 divide 101212882?
False
Does 12 divide 108761317?
False
Is 2386 a factor of 541708301?
False
Is 4622414 a multiple of 155?
False
Is 16 a factor of 43199296?
True
Is 24 a factor of 1154867640?
True
Does 5 divide 5999593?
False
Is 17 a factor of 85328975?
False
Is 13 a factor of 240005142?
True
Is 11 a factor of 1168402213?
True
Is 118873735 a multiple of 2130?
False
Is 296 a factor of 52713456?
True
Does 64 divide 6445568?
True
Is 50514785 a multiple of 1582?
False
Is 74518444 a multiple of 44?
True
Is 687352864 a multiple of 44?
True
Is 41107014 a multiple of 9?
True
Is 8532300 a multiple of 717?
True
Does 80 divide 2738080?
True
Is 5489973617 a multiple of 23?
False
Is 1263 a factor of 1130861872?
False
Is 24851618 a multiple of 301?
False
Is 105045562 a multiple of 642?
False
Is 14205528 a multiple of 2?
True
Is 6439 a factor of 1167487285?
True
Is 10 a factor of 133282537?
False
Is 10934912 a multiple of 16?
True
Is 775 a factor of 85194494?
False
Is 35229670 a multiple of 3241?
True
Is 28 a factor of 2129878006?
False
Is 1528 a factor of 2478775174?
False
Does 1341 divide 98713807?
False
Does 7 divide 1188904056?
False
Is 81225700 a multiple of 100?
True
Is 106281280 a multiple of 64?
True
Is 55154496 a multiple of 32?
True
Is 7 a factor of 288826195?
True
Is 316739658 a multiple of 284?
False
Does 11 divide 274483602?
False
Does 80 divide 148960283?
False
Is 1029 a factor of 103995885?
True
Does 57 divide 6046747851?
False
Is 2 a factor of 382499?
False
Does 41 divide 937068994?
False
Is 132 a factor of 4744080?
True
Does 145 divide 651105825?
True
Does 62 divide 1856153?
False
Is 26355822 a multiple of 79?
True
Is 275 a factor of 17931378?
False
Is 333 a factor of 3198287?
False
Does 7 divide 2158554?
False
Is 58520537 a multiple of 3168?
False
Is 321309044 a multiple of 826?
True
Does 22 divide 19088806?
True
Is 6 a factor of 3402180?
True
Is 92330625 a multiple of 4234?
False
Is 1428792268 a multiple of 5547?
False
Is 121 a factor of 72044003?
False
Does 78 divide 32431230?
True
Is 447 a factor of 499205254?
False
Does 2380 divide 2857382780?
True
Is 7060 a factor of 169350398?
False
Is 1081957571 a multiple of 60?
False
Is 814 a factor of 66535546?
True
Is 1210418600 a multiple of 257?
True
Is 1998294 a multiple of 818?
False
Is 1234 a factor of 1933682?
False
Is 277 a factor of 526520692?
False
Does 605 divide 287725003?
False
Is 6887352 a multiple of 149?
False
Does 179 divide 162353?
True
Is 287 a factor of 60986352?
True
Is 4842899 a multiple of 27?
False
Is 880 a factor of 19740160?
True
Is 84 a factor of 33440568?
True
Is 1441510605 a multiple of 8304?
False
Does 55 divide 10153000?
True
Is 102913475 a multiple of 1225?
True
Is 11407701 a multiple of 29?
True
Does 1656 divide 42201504?
True
Is 1639735 a multiple of 12?
False
Is 39 a factor of 6045068?
False
Does 3504 divide 293365392?
True
Is 52586717 a multiple of 23?
True
Does 3 divide 362451874?
False
Is 1853004416 a multiple of 384?
False
Is 311 a factor of 23652834?
False
Does 387 divide 33594696?
True
Is 24 a factor of 4781801376?
True
Is 1142215442 a multiple of 152?
False
Is 1065 a factor of 2882762448?
False
Is 1386 a factor of 353244276?
True
Is 152 a factor of 555372280?
True
Is 591543690 a multiple of 215?
True
Is 335210425 a multiple of 53?
True
Does 519 divide 36076209?
True
Is 41237536 a multiple of 8?
True
Is 291 a factor of 33097503?
False
Is 1010879167 a multiple of 12914?
False
Is 136779800 a multiple of 50?
True
Does 357 divide 6100341387?
True
Does 1118 divide 31665652?
False
Is 478 a factor of 100106926?
False
Is 13 a factor of 223339220?
True
Is 188113536 a multiple of 954?
True
Is 227 a factor of 10139213?
False
Is 28417474 a multiple of 1699?
True
Is 4938 a factor of 255339042?
True
Is 278 a factor of 839820208?
True
Is 22 a factor of 2770366?
False
Does 350 divide 57326895?
False
Is 8137700 a multiple of 1900?
True
Is 28 a factor of 13741859?
False
Does 14 divide 15814624?
True
Is 12340676 a multiple of 32?
False
Is 9 a factor of 211893225?
False
Does 33 divide 30125436?
True
Does 253 divide 744122082?
True
Is 3403 a factor of 1780693040?
False
Is 79865593 a multiple of 38?
False
Is 2211829 a multiple of 2590?
False
Is 39 a factor of 5361581?
False
Is 11 a factor of 110978164?
True
Is 4230205892 a multiple of 9757?
True
Is 213 a factor of 31036017?
True
Does 47 divide 139083575?
True
Is 20242992 a multiple of 14?
True
Is 77 a factor of 1253186935?
True
Is 5 a factor of 85433600?
True
Does 94 divide 15783916?
True
Is 267 a factor of 23966721?
True
Is 3647 a factor of 440733471?
False
Is 21387828 a multiple of 79?
True
Does 8 divide 51677360?
True
Is 5680440 a multiple of 465?
True
Does 2637 divide 20738209?
False
Does 3 divide 39677143?
False
Is 66232222 a multiple of 49?
True
Does 962 divide 334796090?
False
Is 126 a factor of 23864022?
True
Does 37 divide 362819521?
True
Is 30347827 even?
False
Is 349 a factor of 9708831?
True
Is 1335401743 a multiple of 114